t a be (-52)/(-10) - (-23)/(-115). What is t(a)?
10
Let f(r) be the second derivative of 2*r - 2/3*r**3 - 1/3*r**4 + 1/20*r**5 + 0 + 1/2*r**2. Give f(5).
6
Let w(u) = u**3 - 8*u**2 + 6*u + 5. Let v be w(7). Let r(t) be the first derivative of -2*t**2 - t - 5. Give r(v).
7
Let r = 35 - 38. Let f(x) = -x + 3. Calculate f(r).
6
Let b(s) = -s**3 + s**2. Let q(v) = -6*v**3 + 10*v**2 + 4*v + 8. Let h(x) = -5*b(x) + q(x). Determine h(6).
-4
Suppose 2*i = 3*r + 6, 3*i = 7*i - 12. Let c(s) be the second derivative of s + 0 + 0*s**2 - 1/6*s**3. Determine c(r).
0
Let g(i) = 2*i - 10. Suppose 5*o - 104 + 9 = 0. Let v = o - 12. Calculate g(v).
4
Let t(b) = b**2 + 6*b - 5. Let z = -7 + 10. Let g(f) = -2*f - 9. Let l be g(-6). Suppose l*j + 4*d = -6, -j - 5*d = -z*j - 27. Determine t(j).
-5
Let v be (-9)/(-6)*4/2. Let u(x) be the third derivative of -x**5/60 + x**3/2 + 18*x**2. What is u(v)?
-6
Let c(x) be the second derivative of -x**4/24 + x**3/2 - x**2/2 - x. Let u(d) be the first derivative of c(d). Determine u(3).
0
Suppose 0 = -2*z + 2*k + 26, 7*z + k = 2*z + 77. Suppose z = 5*y - 5*m, 5*m - 3*m + 2 = 4*y. Let l(w) = -6*w - 2. What is l(y)?
10
Let i = 8 - 5. Let s = -4 + i. Let x(f) = 6*f**3 + f**2 + f. Calculate x(s).
-6
Let n(h) = 17*h**3. Let s be n(1). Let l(o) = 2*o**3 - 2*o**2 - 6*o + 7. Let x(z) = -6*z**3 + 6*z**2 + 17*z - 20. Let w(a) = s*l(a) + 6*x(a). Determine w(2).
-9
Suppose 0*h = 5*i - 2*h - 10, 4*i = 3*h + 8. Suppose 2 = -i*s - 8. Let d(w) = -w**3 - 6*w**2 - 5*w - 2. Calculate d(s).
-2
Let z(g) be the first derivative of g**4/6 - g**3/2 + 3*g**2/2 + 3*g + 1. Let n(t) be the first derivative of z(t). What is n(3)?
12
Let k(g) be the third derivative of g**5/12 - g**4/24 + 2*g**2. Suppose -5*c + 14 = 5*l - 6, -4*l + 17 = 5*c. What is k(c)?
4
Let a(h) be the third derivative of h**4/24 + 5*h**3/3 + 3*h**2. Let q be (2/6)/((-3)/(-18)). Suppose 0 = q*p + r, -4*r = r. What is a(p)?
10
Suppose g + 4*g = 0. Let s(u) = 3*u - 2 - 1 + g. Give s(3).
6
Let s(v) = -6*v + 9*v + v**2 - 4*v**2. Calculate s(2).
-6
Let s(q) = -q**3 - 3*q**2 + 1. Suppose 8*i - 2*i = -12. What is s(i)?
-3
Let o(x) = -x**2 - 5*x + 6. Let l be o(-6). Suppose 0 = 3*c + 9 - l. Let d(j) = 3*j + 4. Let n(y) = 3*y + 4. Let r(h) = -4*d(h) + 5*n(h). Give r(c).
-5
Suppose -3*b - 2 = -2*b. Let i(u) be the second derivative of -u**4/8 - u**3/6 - 2*u**2 + u. Let l(p) be the first derivative of i(p). Calculate l(b).
5
Let x(b) = -b + 3. Let z(s) = s - 2. Let q(w) = -2*x(w) - 3*z(w). Give q(1).
-1
Let c(u) be the third derivative of 0 - u**3 - 1/60*u**5 - 3*u**2 + 0*u - 1/8*u**4. Determine c(-4).
-10
Let k(q) = 2*q**2 + q. Let l = 39 + -41. Give k(l).
6
Let w = 2 - 2. Let h be w/(-1) + (-4)/(-2). Let g(p) = -1 + h*p**2 - 3*p + 0 + p. Calculate g(2).
3
Let i(k) = k - 7. Let s be (-3 - -1) + (2 - -608). Let z be s/60 + (-4)/30. Let j be i(z). Let b(d) = -d**3 + 2*d**2 + 2*d - 2. Determine b(j).
-5
Let h(a) = 5*a - 4*a + 22*a**2 - 42*a**2. Calculate h(1).
-19
Let x(i) = 4*i**3 + 5*i + 2. Let j(n) = -11*n**3 + n**2 - 14*n - 5. Let y(l) = 3*j(l) + 8*x(l). Let p = 5 - 3. Suppose -8 = -6*v + p*v. Give y(v).
1
Let q(h) = -h - 1. Suppose -25 = -5*w - 0. Let d(i) = -i**2 - 4*i - 8. Let m(x) = w*q(x) - d(x). What is m(0)?
3
Let l(a) be the third derivative of -a**7/840 - a**6/360 + 7*a**4/24 + a**3/2 - 3*a**2. Let y(g) be the first derivative of l(g). Determine y(0).
7
Let c(s) = 6*s**2 + 2*s - 1. Let q = -14 - -41. Let m = 28 - q. What is c(m)?
7
Suppose 12*t + 4 = 14*t. Let d be 27/(-18)*1*t. Let x(n) = n**3 + 3*n**2 + 2*n - 2. Give x(d).
-8
Let b(m) = m**3 + 7*m**2. Suppose -12 = 2*i + 2. Let q be b(i). Suppose -4*v = -9*v + 5, 4*h - 4*v - 8 = q. Let c(w) = -w**2 + w + 3. What is c(h)?
-3
Let v(t) = -t**3 - 6 + 29*t**2 - 24*t**2 + 4*t - 4*t + 5*t. Calculate v(5).
19
Let h = -9 + 6. Let g(o) = -4 + 2*o + o - 7*o - o**3 - 5*o**2. Give g(h).
-10
Let d(r) = r**3 + r**2 - 4*r + 1. Let h be d(2). Let k(l) = -h*l + l**2 + 0*l + 0*l + 0*l**2 - 4. Determine k(6).
2
Let p be 20/140 - (-29)/(-7). Let b(h) = h**3 + 4*h**2 - h - 4. Calculate b(p).
0
Let y(h) = h - 10. Let m(x) = 1. Let o be (-16)/2 - (-9 - -5). Let d(f) = o*m(f) - y(f). Let q = 8 + -2. Calculate d(q).
0
Suppose 8 = 2*b + 2*f - 5*f, 2*b - f - 8 = 0. Suppose 0 = -b*j + 2*i - 18, 0 = -2*j - 0*i - 2*i - 6. Let w(l) = -l + 3. What is w(j)?
7
Let u(m) be the first derivative of -m**4/4 + 5*m**3/3 + 2*m**2 + m + 26. What is u(5)?
21
Let g(t) be the second derivative of -t**4/4 + t**3/2 - t**2/2 + 6*t. Calculate g(2).
-7
Let r(l) be the third derivative of l**5/60 + 28*l**2. Give r(1).
1
Suppose -m - 2*m + 22 = 5*u, 0 = -5*m - 3*u + 26. Let a(l) be the second derivative of l**5/20 - 5*l**4/12 + 2*l**3/3 + 5*l**2/2 - 14*l. What is a(m)?
5
Let n = -5 + -3. Let p = -5 - n. Suppose 10 = -p*t - 2*t. Let u(l) = -3*l**2 - 3*l - 3. Calculate u(t).
-9
Let a(w) be the second derivative of w**4/12 - 3*w**3/2 + 2*w**2 + 12*w. Determine a(7).
-10
Let j(l) = 14*l**3 - 23*l**2 + 17*l + 3. Let b(a) = 5*a**3 - 8*a**2 + 6*a + 1. Let g(k) = -17*b(k) + 6*j(k). Give g(-2).
1
Let h(p) be the second derivative of -3*p**4/2 + p**2/2 - 22*p. Determine h(1).
-17
Let t(p) = p**3 - 5*p**2 - 5*p - 4. Let z be (4 - (1 - -1)) + (9 - 5). Determine t(z).
2
Let j be ((-32)/(-10) - 2)*-5. Let g(h) = -h**3 - 7*h**2 - 7*h + 2. Calculate g(j).
8
Let l(h) = -h. Let y(i) = i**2 - i. Suppose 0 = -3*g + 4*t + 25, -3*t - 14 = -g + 1. Let d be y(g). Calculate l(d).
-6
Let p(h) be the first derivative of h**4/4 - 4*h**3/3 - h**2 + 2*h + 19. Determine p(5).
17
Let h(d) be the third derivative of -d**6/120 + d**5/6 - 11*d**4/24 + 2*d**3 + 2*d**2 - 15*d. Determine h(9).
-6
Let f(d) = -d. Let r be (16/(-24))/(4/6). Let p = r + -1. Determine f(p).
2
Let t(q) = -q**2 + 7*q - 4. Let s = -133 - -139. Calculate t(s).
2
Let t(s) = 2*s - s**3 - 3*s + 2*s**2 + 3*s + 3*s**2 - 8*s**2. Let c be (-2 + 3)/(1/4). Suppose -2*o + 4*b = o + 21, c*o = -2*b - 6. Determine t(o).
-6
Let g(a) = a**3 + 3*a**2 - 2*a + 2. Let m(i) = -3*i**3 - 8*i**2 + 7*i - 5. Let h(f) = 7*g(f) + 2*m(f). What is h(-5)?
4
Let b(f) = -6*f - 2*f**2 + 4*f**2 + 8*f**2 - f**2 - f**3 - 10. Determine b(8).
6
Let w(l) = l**2 + 5*l - 1. Let u(r) = 2*r - 16. Let g be u(8). Suppose 0 = 3*s - y + 18, g = -4*s - y + 5*y - 24. What is w(s)?
5
Suppose -m - 4 = -2*m. Suppose -13 - 7 = -m*o. Let g(a) be the first derivative of a**2 - 4*a - 2. What is g(o)?
6
Let f(m) = -m**3 - 4*m**2 - 5*m - 4. Let p be f(-3). Let b(t) = p*t - 3*t**2 + 6*t**2 + 7 - 2*t**2 - 2*t**2. Calculate b(5).
-8
Let t(v) = -v**2 - v + 1. Let l be 4 - (-1 - 1)*-1. Suppose 10 = -y - 3*k, y + 14 = -l*k - 2*k. Give t(y).
-5
Let l(u) = -u**2 + 1. Let k(d) be the first derivative of d**3/3 + d**2 + 5*d + 1. Let t(z) = -k(z) - 2*l(z). What is t(5)?
8
Let m(i) be the second derivative of i**4/12 + 3*i**3/2 + 3*i**2/2 - 3*i. Let d(n) = -3*n**2 + 0 + 2 + 8*n + 4*n**2. Let h(r) = 4*d(r) - 3*m(r). Give h(-3).
-7
Let p(f) = f**2 + 12*f - 6. Let c(m) = m**2 + 12*m - 7. Let j(q) = -2*c(q) + 3*p(q). Calculate j(-12).
-4
Let l(x) = x + 5. Let g be l(4). Suppose -2*h = 2*z - g - 1, 13 = z + 5*h. Let o be z/(-3) - (-2 - -2). Let y(a) = 8*a**2 - a - 1. Calculate y(o).
8
Let k = -34 + 18. Let z be k/(-2) - 3 - -1. Let s(r) = -r**2 + 5*r - 4. Determine s(z).
-10
Let h(r) = -2*r + 1 - r**2 + 6*r + 3*r. Let s be (-4)/16 - 62/8. Let z be s*((-63)/(-12))/(-7). Give h(z).
7
Let u(l) be the second derivative of 0 + 4*l - 1/6*l**4 + 1/20*l**5 + 0*l**2 - 1/6*l**3. Give u(-1).
-2
Let r = -7 - -6. Let n(g) be the second derivative of g**3 + g**2/2 - 28*g. What is n(r)?
-5
Suppose 0*j - j + 4 = 5*q, -5*j - 3*q = -20. Suppose 0*a = -2*a + j. Let h(n) = -2 - 2*n + 2 - 2*n**a - 1 - 2*n**3. What is h(-1)?
1
Suppose 27 = v - 0*v - 5*h, -3*v + 5*h + 31 = 0. Let o(j) = 4*j**v - j - 3*j**2 + j**3 + 1 - j. Calculate o(1).
1
Let g(c) = -2*c**3 + 4*c**2 + 9*c - 7. Let x(w) = -w**3 - w**2. Let u(p) = g(p) - x(p). Calculate u(6).
11
Let s(l) = l + 1. Let k = -42 - -46. What is s(k)?
5
Let h(y) = y**3 - 5*y**2 + 3*y - 1. Let f(q) = q**3 - q**2 - q + 2. Let i be f(2). What is h(i)?
-5
Let o = 19 + -18. Let x(b) = 6 - o + 0 - 6 + b. Determine x(-4).
-5
Suppose 3*n + 0*n - 6 = 0. Let s(j) = -3*j**2 + j + 0*j**3 + 0*j + j**3 + 5*j*